{"id":8,"date":"2024-06-11T14:40:02","date_gmt":"2024-06-11T14:40:02","guid":{"rendered":"https:\/\/www.closdelours.com\/?page_id=8"},"modified":"2025-10-16T11:58:36","modified_gmt":"2025-10-16T09:58:36","slug":"elementor-8","status":"publish","type":"page","link":"https:\/\/www.closdelours.com\/","title":{"rendered":"Elementor #8"},"content":{"rendered":"\t\t<div data-elementor-type=\"wp-post\" data-elementor-id=\"8\" class=\"elementor elementor-8\" data-elementor-post-type=\"page\">\n\t\t\t\t<div class=\"elementor-element elementor-element-9b6a75c e-con-full e-flex e-con e-parent\" data-id=\"9b6a75c\" data-element_type=\"container\">\n\t\t<div class=\"elementor-element elementor-element-0bad8f6 e-con-full e-flex e-con e-child\" data-id=\"0bad8f6\" data-element_type=\"container\" data-settings=\"{&quot;background_background&quot;:&quot;classic&quot;}\">\n\t\t<div class=\"elementor-element elementor-element-4ad6109 e-con-full e-flex e-con e-child\" data-id=\"4ad6109\" data-element_type=\"container\">\n\t\t\t\t<div class=\"elementor-element elementor-element-c67ae88 elementor-widget elementor-widget-image\" data-id=\"c67ae88\" data-element_type=\"widget\" data-widget_type=\"image.default\">\n\t\t\t\t<div class=\"elementor-widget-container\">\n\t\t\t\t\t\t\t\t\t\t\t\t\t\t\t<img fetchpriority=\"high\" decoding=\"async\" width=\"350\" height=\"196\" src=\"https:\/\/www.closdelours.com\/wp-content\/uploads\/2024\/06\/main-logo.png\" class=\"attachment-large size-large wp-image-23\" alt=\"\" srcset=\"https:\/\/www.closdelours.com\/wp-content\/uploads\/2024\/06\/main-logo.png 350w, https:\/\/www.closdelours.com\/wp-content\/uploads\/2024\/06\/main-logo-300x168.png 300w\" sizes=\"(max-width: 350px) 100vw, 350px\" \/>\t\t\t\t\t\t\t\t\t\t\t\t\t\t\t<\/div>\n\t\t\t\t<\/div>\n\t\t\t\t<\/div>\n\t\t<div class=\"elementor-element elementor-element-f792911 e-con-full elementor-hidden-desktop elementor-hidden-tablet elementor-hidden-mobile e-flex e-con e-child\" data-id=\"f792911\" data-element_type=\"container\" data-settings=\"{&quot;background_background&quot;:&quot;classic&quot;}\">\n\t\t\t\t<div class=\"elementor-element elementor-element-a989026 elementor-widget elementor-widget-heading\" data-id=\"a989026\" data-element_type=\"widget\" data-widget_type=\"heading.default\">\n\t\t\t\t<div class=\"elementor-widget-container\">\n\t\t\t\t\t<h2 class=\"elementor-heading-title elementor-size-default\">Actualit\u00e9s - 09\/08\/24<\/h2>\t\t\t\t<\/div>\n\t\t\t\t<\/div>\n\t\t\t\t<div class=\"elementor-element elementor-element-17d4b6c elementor-widget elementor-widget-text-editor\" data-id=\"17d4b6c\" data-element_type=\"widget\" data-widget_type=\"text-editor.default\">\n\t\t\t\t<div class=\"elementor-widget-container\">\n\t\t\t\t\t\t\t\t\t<p>Lorem ipsum dolor sit amet, consectetur adipiscing elit.<strong> &gt; <a href=\"https:\/\/www.closdelours.com\/index.php\/le-domaine\/\">Redirection<\/a><\/strong><\/p>\t\t\t\t\t\t\t\t<\/div>\n\t\t\t\t<\/div>\n\t\t\t\t<\/div>\n\t\t\t\t<\/div>\n\t\t\t\t<\/div>\n\t\t<div class=\"elementor-element elementor-element-cd379ed e-flex e-con-boxed e-con e-parent\" data-id=\"cd379ed\" data-element_type=\"container\" data-settings=\"{&quot;background_background&quot;:&quot;classic&quot;}\">\n\t\t\t\t\t<div class=\"e-con-inner\">\n\t\t\t\t<div class=\"elementor-element elementor-element-566d8d4 elementor-widget elementor-widget-text-editor\" data-id=\"566d8d4\" data-element_type=\"widget\" data-widget_type=\"text-editor.default\">\n\t\t\t\t<div class=\"elementor-widget-container\">\n\t\t\t\t\t\t\t\t\t<p><span style=\"font-family: 'Times regular', serif;\">\u00ab Vous avez d\u00e9j\u00e0 eu envie de changer de vie ? Nous aussi&#8230;<\/span><\/p><p><span style=\"font-family: 'Times regular', serif;\">On l\u2019a fait, tous les quatre, ensemble\u2026 Pas un coup de t\u00eate, ni un coup de folie, mais quand m\u00eame un peu !<\/span><\/p><p><span style=\"font-family: 'Times regular',serif;\">C&rsquo;est parti pour une nouvelle vie, une aventure vigneronne. \u00bb<\/span><\/p><p><span style=\"font-family: 'Times regular', serif; text-align: right;\"><i>Fabienne, Michel, Emilie et Fabien<\/i><\/span><\/p>\t\t\t\t\t\t\t\t<\/div>\n\t\t\t\t<\/div>\n\t\t<div class=\"elementor-element elementor-element-0555e53 e-con-full e-flex e-con e-child\" data-id=\"0555e53\" data-element_type=\"container\">\n\t\t<div class=\"elementor-element elementor-element-9759b11 e-con-full e-flex e-con e-child\" data-id=\"9759b11\" data-element_type=\"container\">\n\t\t\t\t<div class=\"elementor-element elementor-element-fc359eb elementor-align-center elementor-widget elementor-widget-button\" data-id=\"fc359eb\" data-element_type=\"widget\" data-widget_type=\"button.default\">\n\t\t\t\t<div class=\"elementor-widget-container\">\n\t\t\t\t\t\t\t\t\t<div class=\"elementor-button-wrapper\">\n\t\t\t\t\t<a class=\"elementor-button elementor-button-link elementor-size-sm\" href=\"https:\/\/www.closdelours.com\/index.php\/le-domaine\/\">\n\t\t\t\t\t\t<span class=\"elementor-button-content-wrapper\">\n\t\t\t\t\t\t\t\t\t<span class=\"elementor-button-text\">D\u00e9COUVRIR<\/span>\n\t\t\t\t\t<\/span>\n\t\t\t\t\t<\/a>\n\t\t\t\t<\/div>\n\t\t\t\t\t\t\t\t<\/div>\n\t\t\t\t<\/div>\n\t\t\t\t<\/div>\n\t\t\t\t<\/div>\n\t\t\t\t\t<\/div>\n\t\t\t\t<\/div>\n\t\t<div class=\"elementor-element elementor-element-9a4743d e-flex e-con-boxed e-con e-parent\" data-id=\"9a4743d\" data-element_type=\"container\">\n\t\t\t\t\t<div class=\"e-con-inner\">\n\t\t<div class=\"elementor-element elementor-element-b060e5c e-con-full e-flex e-con e-child\" data-id=\"b060e5c\" data-element_type=\"container\">\n\t\t\t\t<div class=\"elementor-element elementor-element-4540f4f elementor-widget elementor-widget-image\" data-id=\"4540f4f\" data-element_type=\"widget\" data-widget_type=\"image.default\">\n\t\t\t\t<div class=\"elementor-widget-container\">\n\t\t\t\t\t\t\t\t\t\t\t\t\t\t\t<img decoding=\"async\" width=\"696\" height=\"1024\" src=\"https:\/\/www.closdelours.com\/wp-content\/uploads\/2024\/08\/DSC_05221-696x1024.jpg\" class=\"attachment-large size-large wp-image-1761\" alt=\"\" srcset=\"https:\/\/www.closdelours.com\/wp-content\/uploads\/2024\/08\/DSC_05221-696x1024.jpg 696w, https:\/\/www.closdelours.com\/wp-content\/uploads\/2024\/08\/DSC_05221-204x300.jpg 204w, https:\/\/www.closdelours.com\/wp-content\/uploads\/2024\/08\/DSC_05221-768x1129.jpg 768w, https:\/\/www.closdelours.com\/wp-content\/uploads\/2024\/08\/DSC_05221-1045x1536.jpg 1045w, https:\/\/www.closdelours.com\/wp-content\/uploads\/2024\/08\/DSC_05221-1393x2048.jpg 1393w, https:\/\/www.closdelours.com\/wp-content\/uploads\/2024\/08\/DSC_05221-600x882.jpg 600w, https:\/\/www.closdelours.com\/wp-content\/uploads\/2024\/08\/DSC_05221-scaled.jpg 1741w\" sizes=\"(max-width: 696px) 100vw, 696px\" \/>\t\t\t\t\t\t\t\t\t\t\t\t\t\t\t<\/div>\n\t\t\t\t<\/div>\n\t\t\t\t<\/div>\n\t\t<div class=\"elementor-element elementor-element-50108ef e-con-full e-flex e-con e-child\" data-id=\"50108ef\" data-element_type=\"container\">\n\t\t<div class=\"elementor-element elementor-element-e04df40 e-con-full e-flex e-con e-child\" data-id=\"e04df40\" data-element_type=\"container\">\n\t\t<div class=\"elementor-element elementor-element-b747957 e-con-full e-flex e-con e-child\" data-id=\"b747957\" data-element_type=\"container\">\n\t\t\t\t<div class=\"elementor-element elementor-element-9a620fe elementor-widget elementor-widget-heading\" data-id=\"9a620fe\" data-element_type=\"widget\" data-widget_type=\"heading.default\">\n\t\t\t\t<div class=\"elementor-widget-container\">\n\t\t\t\t\t<h2 class=\"elementor-heading-title elementor-size-default\">NOS VINS<\/h2>\t\t\t\t<\/div>\n\t\t\t\t<\/div>\n\t\t\t\t<\/div>\n\t\t\t\t<div class=\"elementor-element elementor-element-cafaaaf elementor-widget elementor-widget-text-editor\" data-id=\"cafaaaf\" data-element_type=\"widget\" data-widget_type=\"text-editor.default\">\n\t\t\t\t<div class=\"elementor-widget-container\">\n\t\t\t\t\t\t\t\t\t<p>Des cuv\u00e9es sinc\u00e8res en bio et biodynamie, certifi\u00e9es Biodyvin.<\/p>\t\t\t\t\t\t\t\t<\/div>\n\t\t\t\t<\/div>\n\t\t<div class=\"elementor-element elementor-element-5680df5 e-con-full e-flex e-con e-child\" data-id=\"5680df5\" data-element_type=\"container\">\n\t\t\t\t<div class=\"elementor-element elementor-element-4fa2b6cf elementor-align-center elementor-widget elementor-widget-button\" data-id=\"4fa2b6cf\" data-element_type=\"widget\" data-widget_type=\"button.default\">\n\t\t\t\t<div class=\"elementor-widget-container\">\n\t\t\t\t\t\t\t\t\t<div class=\"elementor-button-wrapper\">\n\t\t\t\t\t<a class=\"elementor-button elementor-button-link elementor-size-sm\" href=\"https:\/\/www.closdelours.com\/index.php\/nos-vins\/\">\n\t\t\t\t\t\t<span class=\"elementor-button-content-wrapper\">\n\t\t\t\t\t\t\t\t\t<span class=\"elementor-button-text\">D\u00e9COUVRIR<\/span>\n\t\t\t\t\t<\/span>\n\t\t\t\t\t<\/a>\n\t\t\t\t<\/div>\n\t\t\t\t\t\t\t\t<\/div>\n\t\t\t\t<\/div>\n\t\t\t\t<\/div>\n\t\t\t\t<\/div>\n\t\t<div class=\"elementor-element elementor-element-b160f60 e-con-full e-flex e-con e-child\" data-id=\"b160f60\" data-element_type=\"container\">\n\t\t\t\t<div class=\"elementor-element elementor-element-1b860d3 elementor-widget elementor-widget-image\" data-id=\"1b860d3\" data-element_type=\"widget\" data-widget_type=\"image.default\">\n\t\t\t\t<div class=\"elementor-widget-container\">\n\t\t\t\t\t\t\t\t\t\t\t\t\t\t\t<img decoding=\"async\" width=\"696\" height=\"1024\" src=\"https:\/\/www.closdelours.com\/wp-content\/uploads\/2024\/08\/DSC_05271-696x1024.jpg\" class=\"attachment-large size-large wp-image-1762\" alt=\"\" srcset=\"https:\/\/www.closdelours.com\/wp-content\/uploads\/2024\/08\/DSC_05271-696x1024.jpg 696w, https:\/\/www.closdelours.com\/wp-content\/uploads\/2024\/08\/DSC_05271-204x300.jpg 204w, https:\/\/www.closdelours.com\/wp-content\/uploads\/2024\/08\/DSC_05271-768x1130.jpg 768w, https:\/\/www.closdelours.com\/wp-content\/uploads\/2024\/08\/DSC_05271-1044x1536.jpg 1044w, https:\/\/www.closdelours.com\/wp-content\/uploads\/2024\/08\/DSC_05271-1392x2048.jpg 1392w, https:\/\/www.closdelours.com\/wp-content\/uploads\/2024\/08\/DSC_05271-600x883.jpg 600w, https:\/\/www.closdelours.com\/wp-content\/uploads\/2024\/08\/DSC_05271-scaled.jpg 1739w\" sizes=\"(max-width: 696px) 100vw, 696px\" \/>\t\t\t\t\t\t\t\t\t\t\t\t\t\t\t<\/div>\n\t\t\t\t<\/div>\n\t\t\t\t<\/div>\n\t\t\t\t<\/div>\n\t\t\t\t\t<\/div>\n\t\t\t\t<\/div>\n\t\t<div class=\"elementor-element elementor-element-095b109 e-flex e-con-boxed e-con e-parent\" data-id=\"095b109\" data-element_type=\"container\">\n\t\t\t\t\t<div class=\"e-con-inner\">\n\t\t<div class=\"elementor-element elementor-element-b0e587f e-con-full e-flex e-con e-child\" data-id=\"b0e587f\" data-element_type=\"container\">\n\t\t\t\t<div class=\"elementor-element elementor-element-87a9e9e elementor-widget elementor-widget-video\" data-id=\"87a9e9e\" data-element_type=\"widget\" data-settings=\"{&quot;youtube_url&quot;:&quot;https:\\\/\\\/www.youtube.com\\\/watch?v=gu9i1xQlcLM&quot;,&quot;video_type&quot;:&quot;youtube&quot;,&quot;controls&quot;:&quot;yes&quot;}\" data-widget_type=\"video.default\">\n\t\t\t\t<div class=\"elementor-widget-container\">\n\t\t\t\t\t\t\t<div class=\"elementor-wrapper elementor-open-inline\">\n\t\t\t<div class=\"elementor-video\"><\/div>\t\t<\/div>\n\t\t\t\t\t\t<\/div>\n\t\t\t\t<\/div>\n\t\t\t\t<\/div>\n\t\t<div class=\"elementor-element elementor-element-c43bc2f e-con-full e-flex e-con e-child\" data-id=\"c43bc2f\" data-element_type=\"container\">\n\t\t\t\t<div class=\"elementor-element elementor-element-1c8376f elementor-widget elementor-widget-video\" data-id=\"1c8376f\" data-element_type=\"widget\" data-settings=\"{&quot;youtube_url&quot;:&quot;https:\\\/\\\/www.youtube.com\\\/watch?v=cFtS4-doGbk&quot;,&quot;video_type&quot;:&quot;youtube&quot;,&quot;controls&quot;:&quot;yes&quot;}\" data-widget_type=\"video.default\">\n\t\t\t\t<div class=\"elementor-widget-container\">\n\t\t\t\t\t\t\t<div class=\"elementor-wrapper elementor-open-inline\">\n\t\t\t<div class=\"elementor-video\"><\/div>\t\t<\/div>\n\t\t\t\t\t\t<\/div>\n\t\t\t\t<\/div>\n\t\t\t\t<\/div>\n\t\t\t\t\t<\/div>\n\t\t\t\t<\/div>\n\t\t<div class=\"elementor-element elementor-element-96f1819 e-flex e-con-boxed e-con e-parent\" data-id=\"96f1819\" data-element_type=\"container\" data-settings=\"{&quot;background_background&quot;:&quot;classic&quot;}\">\n\t\t\t\t\t<div class=\"e-con-inner\">\n\t\t<div class=\"elementor-element elementor-element-1927a28 e-con-full e-flex e-con e-child\" data-id=\"1927a28\" data-element_type=\"container\">\n\t\t\t\t<div class=\"elementor-element elementor-element-3eb7d31 elementor-widget elementor-widget-heading\" data-id=\"3eb7d31\" data-element_type=\"widget\" data-widget_type=\"heading.default\">\n\t\t\t\t<div class=\"elementor-widget-container\">\n\t\t\t\t\t<h2 class=\"elementor-heading-title elementor-size-default\">CONTACT<\/h2>\t\t\t\t<\/div>\n\t\t\t\t<\/div>\n\t\t\t\t<div class=\"elementor-element elementor-element-568d237 elementor-widget elementor-widget-text-editor\" data-id=\"568d237\" data-element_type=\"widget\" data-widget_type=\"text-editor.default\">\n\t\t\t\t<div class=\"elementor-widget-container\">\n\t\t\t\t\t\t\t\t\t<div id=\"wrapper\"><div id=\"content\"><div class=\"flex flex-grow flex-col max-w-full\"><div class=\"min-h-[20px] text-message flex flex-col items-start whitespace-pre-wrap break-words [.text-message+&amp;]:mt-5 juice:w-full juice:items-end overflow-x-auto gap-2\" dir=\"auto\" data-message-author-role=\"assistant\" data-message-id=\"62342841-6dc9-42a3-b9d6-7d138dd1fd4e\"><div class=\"flex w-full flex-col gap-1 juice:empty:hidden juice:first:pt-[3px]\"><div class=\"markdown prose w-full break-words dark:prose-invert light\"><p>Clos de l&rsquo;Ours<\/p><p>4776 Chemin du Clos de Ruou<\/p><p>83570 Cotignac<\/p><p>+33 (0)4 94 04 77 69<\/p><\/div><\/div><\/div><\/div><\/div><\/div><footer><\/footer>\t\t\t\t\t\t\t\t<\/div>\n\t\t\t\t<\/div>\n\t\t\t\t<div class=\"elementor-element elementor-element-ecb7af0 elementor-align-center elementor-widget elementor-widget-button\" data-id=\"ecb7af0\" data-element_type=\"widget\" data-widget_type=\"button.default\">\n\t\t\t\t<div class=\"elementor-widget-container\">\n\t\t\t\t\t\t\t\t\t<div class=\"elementor-button-wrapper\">\n\t\t\t\t\t<a class=\"elementor-button elementor-button-link elementor-size-sm\" href=\"https:\/\/www.closdelours.com\/index.php\/contact\/\">\n\t\t\t\t\t\t<span class=\"elementor-button-content-wrapper\">\n\t\t\t\t\t\t\t\t\t<span class=\"elementor-button-text\">NOUS CONTACTER \u27f6<\/span>\n\t\t\t\t\t<\/span>\n\t\t\t\t\t<\/a>\n\t\t\t\t<\/div>\n\t\t\t\t\t\t\t\t<\/div>\n\t\t\t\t<\/div>\n\t\t\t\t<\/div>\n\t\t<div class=\"elementor-element elementor-element-22aec55 e-con-full e-flex e-con e-child\" data-id=\"22aec55\" data-element_type=\"container\" data-settings=\"{&quot;background_background&quot;:&quot;classic&quot;}\">\n\t\t\t\t<\/div>\n\t\t\t\t\t<\/div>\n\t\t\t\t<\/div>\n\t\t<div class=\"elementor-element elementor-element-3d0dbb5 e-flex e-con-boxed e-con e-parent\" data-id=\"3d0dbb5\" data-element_type=\"container\" data-settings=\"{&quot;background_background&quot;:&quot;classic&quot;}\">\n\t\t\t\t\t<div class=\"e-con-inner\">\n\t\t\t\t<div class=\"elementor-element elementor-element-70b7979 elementor-widget elementor-widget-image\" data-id=\"70b7979\" data-element_type=\"widget\" data-widget_type=\"image.default\">\n\t\t\t\t<div class=\"elementor-widget-container\">\n\t\t\t\t\t\t\t\t\t\t\t\t\t\t\t<img loading=\"lazy\" decoding=\"async\" width=\"800\" height=\"236\" src=\"https:\/\/www.closdelours.com\/wp-content\/uploads\/2024\/06\/LogosBio2.png\" class=\"attachment-large size-large wp-image-130\" alt=\"\" srcset=\"https:\/\/www.closdelours.com\/wp-content\/uploads\/2024\/06\/LogosBio2.png 1019w, https:\/\/www.closdelours.com\/wp-content\/uploads\/2024\/06\/LogosBio2-600x177.png 600w, https:\/\/www.closdelours.com\/wp-content\/uploads\/2024\/06\/LogosBio2-300x88.png 300w, https:\/\/www.closdelours.com\/wp-content\/uploads\/2024\/06\/LogosBio2-768x226.png 768w\" sizes=\"(max-width: 800px) 100vw, 800px\" \/>\t\t\t\t\t\t\t\t\t\t\t\t\t\t\t<\/div>\n\t\t\t\t<\/div>\n\t\t\t\t\t<\/div>\n\t\t\t\t<\/div>\n\t\t\t\t<\/div>\n\t\t","protected":false},"excerpt":{"rendered":"<p>Actualit\u00e9s &#8211; 09\/08\/24 Lorem ipsum dolor sit amet, consectetur adipiscing elit. &gt; Redirection \u00ab Vous avez d\u00e9j\u00e0 eu envie de changer de vie ? Nous aussi&#8230; On l\u2019a fait, tous les quatre, ensemble\u2026 Pas un coup de t\u00eate, ni un coup de folie, mais quand m\u00eame un peu ! C&rsquo;est parti pour une nouvelle vie, [&hellip;]<\/p>\n","protected":false},"author":1,"featured_media":0,"parent":0,"menu_order":0,"comment_status":"closed","ping_status":"closed","template":"","meta":{"footnotes":""},"class_list":["post-8","page","type-page","status-publish","hentry"],"_links":{"self":[{"href":"https:\/\/www.closdelours.com\/index.php\/wp-json\/wp\/v2\/pages\/8","targetHints":{"allow":["GET"]}}],"collection":[{"href":"https:\/\/www.closdelours.com\/index.php\/wp-json\/wp\/v2\/pages"}],"about":[{"href":"https:\/\/www.closdelours.com\/index.php\/wp-json\/wp\/v2\/types\/page"}],"author":[{"embeddable":true,"href":"https:\/\/www.closdelours.com\/index.php\/wp-json\/wp\/v2\/users\/1"}],"replies":[{"embeddable":true,"href":"https:\/\/www.closdelours.com\/index.php\/wp-json\/wp\/v2\/comments?post=8"}],"version-history":[{"count":412,"href":"https:\/\/www.closdelours.com\/index.php\/wp-json\/wp\/v2\/pages\/8\/revisions"}],"predecessor-version":[{"id":2682,"href":"https:\/\/www.closdelours.com\/index.php\/wp-json\/wp\/v2\/pages\/8\/revisions\/2682"}],"wp:attachment":[{"href":"https:\/\/www.closdelours.com\/index.php\/wp-json\/wp\/v2\/media?parent=8"}],"curies":[{"name":"wp","href":"https:\/\/api.w.org\/{rel}","templated":true}]}}